134400?
3
What is the hundreds digit of 454472?
4
What is the hundreds digit of 603552?
5
What is the tens digit of 117053?
5
What is the units digit of 2014369?
9
What is the hundred thousands digit of 1311881?
3
What is the hundreds digit of 1386819?
8
What is the hundreds digit of 947445?
4
What is the ten thousands digit of 2974344?
7
What is the hundred thousands digit of 3693292?
6
What is the tens digit of 10658653?
5
What is the thousands digit of 82566?
2
What is the hundreds digit of 2631398?
3
What is the tens digit of 458896?
9
What is the tens digit of 2772982?
8
What is the hundred thousands digit of 5863296?
8
What is the thousands digit of 174707?
4
What is the hundreds digit of 18948979?
9
What is the tens digit of 1018318?
1
What is the tens digit of 9285243?
4
What is the thousands digit of 14413232?
3
What is the hundreds digit of 1347328?
3
What is the units digit of 197278?
8
What is the hundreds digit of 9993333?
3
What is the thousands digit of 7783946?
3
What is the hundreds digit of 9844263?
2
What is the units digit of 8547714?
4
What is the ten thousands digit of 418700?
1
What is the tens digit of 154839?
3
What is the hundreds digit of 6043915?
9
What is the tens digit of 213175?
7
What is the tens digit of 3387085?
8
What is the tens digit of 415092?
9
What is the hundreds digit of 8393556?
5
What is the thousands digit of 1799478?
9
What is the hundreds digit of 11528441?
4
What is the thousands digit of 373776?
3
What is the thousands digit of 3187395?
7
What is the tens digit of 7295136?
3
What is the tens digit of 221866?
6
What is the thousands digit of 44922?
4
What is the units digit of 4614550?
0
What is the thousands digit of 13125990?
5
What is the hundred thousands digit of 582518?
5
What is the ten thousands digit of 233480?
3
What is the hundreds digit of 7866672?
6
What is the millions digit of 3910591?
3
What is the tens digit of 390908?
0
What is the ten thousands digit of 9599123?
9
What is the units digit of 38701897?
7
What is the ten thousands digit of 1300709?
0
What is the ten thousands digit of 315032?
1
What is the ten thousands digit of 166449?
6
What is the units digit of 1133006?
6
What is the millions digit of 4709207?
4
What is the units digit of 1462566?
6
What is the hundred thousands digit of 3902208?
9
What is the ten thousands digit of 150504?
5
What is the tens digit of 234753?
5
What is the ten thousands digit of 77976?
7
What is the hundreds digit of 3669371?
3
What is the tens digit of 91545?
4
What is the tens digit of 1899387?
8
What is the ten thousands digit of 3829187?
2
What is the ten thousands digit of 22295162?
9
What is the hundred thousands digit of 876407?
8
What is the thousands digit of 434225?
4
What is the hundred thousands digit of 458040?
4
What is the units digit of 25669290?
0
What is the units digit of 13680780?
0
What is the ten thousands digit of 1403560?
0
What is the hundred thousands digit of 179202?
1
What is the hundreds digit of 37436200?
2
What is the hundreds digit of 8804650?
6
What is the tens digit of 306361?
6
What is the hundreds digit of 578815?
8
What is the hundred thousands digit of 1036088?
0
What is the tens digit of 572768?
6
What is the units digit of 3815?
5
What is the hundreds digit of 10826406?
4
What is the ten millions digit of 30865739?
3
What is the hundreds digit of 111375?
3
What is the ten thousands digit of 3477081?
7
What is the units digit of 157398?
8
What is the millions digit of 3758907?
3
What is the thousands digit of 1088743?
8
What is the hundred thousands digit of 914268?
9
What is the ten thousands digit of 349087?
4
What is the ten thousands digit of 314436?
1
What is the ten millions digit of 13512607?
1
What is the hundreds digit of 39917?
9
What is the thousands digit of 574743?
4
What is the units digit of 7009099?
9
What is the hundred thousands digit of 1020113?
0
What is the ten thousands digit of 9230477?
3
What is the thousands digit of 2373057?
3
What is the units digit of 972386?
6
What is the tens digit of 114523?
2
What is the hundred thousands digit of 1003265?
0
What is the hundreds digit of 7122685?
6
What is the ten thousands digit of 165849?
6
What is the units digit of 220613?
3
What is the thousands digit of 14775219?
5
What is the ten millions digit of 20406490?
2
What is the hundred thousands digit of 7680311?
6
What is the tens digit of 873410?
1
What is the millions digit of 1523311?
1
What is the hundreds digit of 353213?
2
What is the hundreds digit of 951456?
4
What is the tens digit of 16252566?
6
What is the hundred thousands digit of 164707?
1
What is the hundred thousands digit of 219088?
2
What is the millions digit of 2019613?
2
What is the units digit of 595113?
3
What is the thousands digit of 30081?
0
What is the hundred thousands digit of 2082371?
0
What is the units digit of 199729?
9
What is the units digit of 462737?
7
What is the thousands digit of 7597?
7
What is the units digit of 1681734?
4
What is the hundreds digit of 2311304?
3
What is the hundreds digit of 235439?
4
What is the millions digit of 3307462?
3
What is the millions digit of 5738785?
5
What is the thousands digit of 922279?
2
What is the ten thousands digit of 202060?
0
What is the units digit of 950872?
2
What is the tens digit of 169628?
2
What is the millions digit of 2355608?
2
What is the units digit of 22524648?
8
What is the tens digit of 5974390?
9
What is the hundreds digit of 9823?
8
What is the ten thousands digit of 4323979?
2
What is the hundreds digit of 801071?
0
What is the units digit of 4572568?
8
What is the units digit of 89251?
1
What is the hundreds digit of 1121141?
1
What is the hundred thousands digit of 4388204?
3
What is the millions digit of 2054538?
2
What is the thousands digit of 1677057?
7
What is the millions digit of 3968031?
3
What is the hundred thousands digit of 1251445?
2
What is the hundreds digit of 653265?
2
What is the thousands digit of 2139016?
9
What is the ten thousands digit of 7227148?
2
What is the millions digit of 1974520?
1
What is the millions digit of 11974095?
1
What is the hundred thousands digit of 233253?
2
What is the hundred thousands digit of 385787?
3
What is the millions digit of 9085001?
9
What is the thousands digit of 158014?
8
What is the tens digit of 120348?
4
What is the thousands digit of 1454607?
4
What is the hundreds digit of 262507?
5
What is the ten thousands digit of 134099?
3
What is the hundreds digit of 205467?
4
What is the tens digit of 1809755?
5
What is the millions digit of 13093035?
3
What is the thousands digit of 2047791?
7
What is the units digit of 527209?
9
What is the tens digit of 49301?
0
What is the tens digit of 2668683?
8
What is the units digit of 577953?
3
What is the ten thousands digit of 333498?
3
What is the hundred thousands digit of 1213812?
2
What is the tens digit of 371029?
2
What is the hundreds digit of 1036902?
9
What is the tens digit of 129379?
7
What is the tens digit of 13280?
8
What is the hundred thousands digit of 406579?
4
What is the ten thousands digit of 2656791?
5
What is the units digit of 1366948?
8
What is the hundred thousands digit of 1595113?
5
What is the hundred thousands digit of 2533078?
5
What is the hundreds digit of 928581?
5
What is the ten thousands digit of 110851?
1
What is the ten thousands digit of 31209074?
0
What is the hundreds digit of 2292017?
0
What is the millions digit of 1703722?
1
What is the ten thousands digit of 17966944?
6
What is the units digit of 44728?
8
What is the tens digit of 70418?
1
What is the hundreds digit of 96046?
0
What is the tens digit of 189007?
0
What is the ten thousands digit of 4038069?
3
What is the hundred thousands digit of 1002288?
0
What is the ten thousands digit of 305360?
0
What is the millions digit of 4889518?
4
What is the hundreds digit of 3890442?
4
What is the thousands digit of 7706616?
6
What is the units digit of 98983?
3
What is the millions digit of 2674571?
2
What is the tens digit of 2203422?
2
What is the tens digit of 748276?
7
What is the hundreds digit of 815450?
4
What is the units digit of 537950?
0
What is the thousands digit of 3395886?
5
What is the hundred thousands digit of 4658198?
6
Wha